-d = -13*l + 556. What are the prime factors of l?
2, 11
Let g(t) = -t + 16. Let o(l) = l**2 + 3*l - 2. Let u be o(-6). Let f be g(u). Suppose 3*i - 45 = -f*i. What are the prime factors of i?
3, 5
Suppose 15*b - 71753 = -4043. What are the prime factors of b?
2, 37, 61
Let b = 2046 + -990. List the prime factors of b.
2, 3, 11
Let d(x) = -x**3 - 9*x**2 - 16*x + 2. Let w be d(-4). Let p(s) = -21*s - 61. What are the prime factors of p(w)?
233
Suppose 0 = -2*z + 25 - 73. Let l(k) = -k**2 - 26*k - 43. What are the prime factors of l(z)?
5
Let i(w) be the third derivative of w**4/4 + w**3/3 + 7*w**2. Let s be i(1). Let q = s - -5. List the prime factors of q.
13
Let z(o) = -4*o**2 - 2*o - 2. Let v be z(-1). What are the prime factors of 3/v + 630/8?
2, 3, 13
Suppose 3*r = -5*j - r + 6630, j - 1342 = -4*r. List the prime factors of j.
2, 661
Suppose 7*x - 14 = 21. Suppose -x*g + 29 - 4 = 0. What are the prime factors of g?
5
Let y(l) = 6*l + 3*l + 1 - 4 + l. What are the prime factors of y(10)?
97
Suppose 5*l = -0*l + 10. Suppose 78 = l*b - 96. What are the prime factors of b?
3, 29
Suppose 6*v = v + 100. Suppose -24*l + 172 = -v*l. List the prime factors of l.
43
Let d(p) = p**3 - 6*p**2 - 16*p + 10. Let b be d(9). Let h = -33 + b. List the prime factors of h.
2, 19
Let c = -95 + 173. Let y = c - -41. List the prime factors of y.
7, 17
Let g = 588 - 333. What are the prime factors of g?
3, 5, 17
Suppose -3*v - 12 = -7*v. Suppose -18*w = -14*w + 5*m - 11, w = 2*m + 6. Suppose 4*d + 42 - 290 = 4*k, 220 = w*d + v*k. What are the prime factors of d?
2, 29
List the prime factors of ((-99)/231 - (-767)/(-7))*-47.
2, 5, 11, 47
Suppose 8*w + 8*w - 528 = 0. List the prime factors of w.
3, 11
Let f = 1337 + -722. What are the prime factors of f?
3, 5, 41
Suppose -1331 = -4*k + 3*u, -6*k + 1635 = -k + 2*u. List the prime factors of k.
7, 47
Let g(v) = -5*v + 3. Let c be g(-2). Suppose -t - 4*y = -c, 0*t - 134 = -5*t + 3*y. Let r = 9 + t. List the prime factors of r.
2, 17
Let f = 4157 - 831. What are the prime factors of f?
2, 1663
List the prime factors of 58/(-1)*((-609)/(-6))/(-7).
29
Suppose 0 = 22*r - 26*r + 32. List the prime factors of 12/r - 530/(-4).
2, 67
Suppose -65*q + 54270 = -11*q. What are the prime factors of q?
3, 5, 67
Let x = 792 - 448. List the prime factors of x.
2, 43
Let j be ((-184)/3)/(4/(-16 - -4)). Let l = j - 89. What are the prime factors of l?
5, 19
What are the prime factors of 114*10 + 91/13?
31, 37
Suppose 1 - 981 = -4*f. What are the prime factors of f?
5, 7
Let y(o) = -o**3 - 12*o**2 + 23*o - 4. Let v be y(-14). Let i = v - 4. What are the prime factors of i?
2, 31
Suppose -37*m - 4873 = -51271. List the prime factors of m.
2, 3, 11, 19
Suppose -3*b + 12 = -6*b. Let y(f) = -3*f**2 + 4*f + 6. Let j be y(b). What are the prime factors of (4/(-2))/(4/j)?
29
Let s(t) = -t**3 - 5*t**2 - 4*t - 5. Let a = 9 + -5. Let l be s(a). List the prime factors of 1/(-2) - l/6.
3
Let q(g) = g**2 + 46*g + 431. What are the prime factors of q(-43)?
2, 151
Let y be ((-1684)/(-12) - -3)*3. Suppose -5*i - 5*h - 15 + 400 = 0, -4*h = -5*i + y. What are the prime factors of i?
2, 41
Let d(j) = -2*j + 12. Let h be d(6). Suppose -3*x = n - 70, h*x + 1 = -x. List the prime factors of n.
73
Let x = 106 - 62. Suppose o - u = x, 2*o - 100 = -0*o - u. Suppose -2*k + 62 + o = 0. What are the prime factors of k?
5, 11
Let k(c) = 5*c**2 - 3*c + 401. List the prime factors of k(0).
401
Let l = 74 - 71. Suppose 12*x + l*x = 2280. List the prime factors of x.
2, 19
Let b be -2*(-4 - (-39)/(-6))*-2. List the prime factors of (1/(-6))/((-4)/b)*-140.
5, 7
Suppose -8*w + 4*w = 732. Let s = 465 + w. List the prime factors of s.
2, 3, 47
Let a be (2/(-1) + 2)/(-2). Suppose a = -c + 3*c. Suppose c*n - 40 = -2*n. What are the prime factors of n?
2, 5
Let n(z) = -234*z + 449. List the prime factors of n(-8).
11, 211
Suppose 30 = 4*h - 2*w, -7*h + 3*h + 4*w = -36. Let r(k) = -2 - h*k**2 - k**3 - 8*k + 19 - 7 - 4. What are the prime factors of r(-6)?
2, 3
Suppose 5*l - 5656 = -2*f, 38*f - 39*f - 3*l + 2830 = 0. List the prime factors of f.
2, 1409
Let b(o) = -o**3 - 2*o**2 + 50. Let l = -36 - -36. List the prime factors of b(l).
2, 5
Suppose 0 = -24*h + 1254 + 10914. What are the prime factors of h?
3, 13
Suppose -5*z + 14 = 3*s - 18, -2*s = 3*z - 20. Suppose -z*u + 2*y = -28, u + 21 = 4*u - 3*y. List the prime factors of u.
7
Let t(o) = -o**2 + 8*o + 10. Let y be t(7). Suppose -3*m = -2*i - 38 + 8, 4*i = -5*m + 72. Let s = y - m. What are the prime factors of s?
5
Let s = 395 + -704. Let i = s + 654. What are the prime factors of i?
3, 5, 23
Suppose y + 4 = q - 2, 2*q - 12 = -4*y. Let m = 68 - q. List the prime factors of m.
2, 31
Let n = 709 - 68. List the prime factors of n.
641
Suppose -2*m = -167 + 109. Let n(g) = 6*g - 24. What are the prime factors of n(m)?
2, 3, 5
Let a = -287 + 366. What are the prime factors of a?
79
Let k(t) = -t**3 - 10*t**2 - 28*t - 2. Let b be k(-5). Suppose b*c = 18*c - 1340. What are the prime factors of c?
2, 67
Suppose 3*y = -y + 52. Let j(w) = -w**3 + 14*w**2 + 3*w + 9. List the prime factors of j(y).
7, 31
Let h be -2 + 32 + (-4)/2. Let x = h - 16. List the prime factors of (9/x)/(3/132).
3, 11
Let z(j) be the first derivative of -3*j**4/2 - j**2 - j - 3. Let s be z(-1). Let m = s + 10. List the prime factors of m.
17
List the prime factors of 14180/6*22/(792/54).
5, 709
Let g(v) be the first derivative of -v**3/3 + 2*v**2 - 3*v - 5. Let h be g(5). Let s = 33 + h. What are the prime factors of s?
5
Let b(u) = 2*u**2 - 13*u + 9. Let y be b(5). Let t(w) = 3*w**2 + 7*w - 2. What are the prime factors of t(y)?
2
Let u(s) = 3*s + 3. Let n be 7/(28/(-16)) - -6. Suppose m - 11 = -5*a, -n*m = a - 5*a + 20. What are the prime factors of u(a)?
2, 3
Suppose -7*t + 4180 + 2617 = 0. What are the prime factors of t?
971
Suppose -188*i + 180*i = -6304. What are the prime factors of i?
2, 197
Let k(r) = r**2 + 13*r - 1. Let z be k(7). Let s = -99 + z. List the prime factors of s.
2, 5
Let d = 7 + 2. What are the prime factors of d/2*(-6)/(-9)?
3
Suppose -5*f - 986 = 3*k - 4847, -2*f = -4*k + 5122. What are the prime factors of k?
2, 641
Let y = -597 - -1064. List the prime factors of y.
467
Let x = 1422 + -789. What are the prime factors of x?
3, 211
Let k(u) = u**3 + 21*u**2 - 18*u - 44. List the prime factors of k(-11).
2, 11, 31
Let k be (-4)/(-14) - 10/35. Suppose -3*i + f + 10 = 0, k = -3*i + 2*i - 2*f + 8. Let s(o) = o**2 + 6*o - 4. What are the prime factors of s(i)?
2, 3
Let d = 11 + -8. Suppose 0*u = -3*u + 153. Suppose 3*q + 3*s + 12 = u, s = -d*q + 45. List the prime factors of q.
2
Suppose 3791 = 5*h - 3*q, 0 = -3*h - 2*h + 4*q + 3793. List the prime factors of h.
757
Let d(w) = 2 - 2*w + 2 - 1 - 2*w. Suppose -10 = 7*o + 4. What are the prime factors of d(o)?
11
Suppose 0 = -5*a + 2*a, 5*a + 768 = 3*q. Suppose 0 = -2*o + q + 54. What are the prime factors of o?
5, 31
Let o = -22 + 27. Suppose 2*c + 2*z = 376, -o*c + 9*z - 4*z + 890 = 0. List the prime factors of c.
3, 61
List the prime factors of ((-3508)/18)/((-7)/63).
2, 877
Let p be (0/(-1) - 4)*-1. Suppose 160 = 2*h + 3*u + 22, 5*u = p*h - 298. What are the prime factors of h?
2, 3
Let c(l) = -l**3 + 20*l**2 + 8*l + 56. List the prime factors of c(18).
2, 53
Let p(d) = -3*d**3 + 3*d**2 + 7*d + 30. Let a(t) = -2*t**3 + 4*t**2 + 8*t + 29. Let l(s) = -4*a(s) + 3*p(s). What are the prime factors of l(-6)?
2
Suppose -q + 235 = -3*q + 5*r, 2*r = -4*q - 434. Let m = 50 - q. What are the prime factors of m?
2, 5
Let w = -20 - 1. Suppose 0 = -5*k - 5*i - 0*i - 45, 2*i = 4*k + 18. Let p = k - w. What are the prime factors of p?
3, 5
Suppose -3*v - 4*t - 37 + 5 = 0, 4*v + 36 = -2*t. Let h(u) = -9*u - 19. What are the prime factors of h(v)?
53
Suppose -3*k = -2*i - 10, -3*i + 5*k - k = 16. Let y be (i/(-16))/(1/82). Suppose 5*f = -j + y + 3, -3*f = 3*j - 72. What are the prime factors of j?
19
Let c(d) = -332*d - 86. What are the prime factors of c(-3)?
2, 5, 7, 13
Suppose -65*o + 44268 = -37*o. List the prime factors of o.
3, 17, 31
Suppose -4*s + 2*m = 3*m - 1316, s - 3*m = 316. What are the prime factors of s?
2, 41
Let r = -690 + 2556. List the prime factors of r.
2, 3, 311
Let k = -31 - 